ctor of 4907 and 35?
7
Calculate the greatest common factor of 2823 and 12.
3
What is the greatest common factor of 13 and 91?
13
What is the highest common factor of 91 and 403?
13
Calculate the highest common factor of 8 and 2.
2
What is the highest common divisor of 39 and 87?
3
Calculate the greatest common factor of 16803 and 9.
9
What is the greatest common divisor of 189 and 27?
27
What is the greatest common factor of 40 and 956?
4
What is the highest common factor of 1 and 17?
1
What is the greatest common factor of 275 and 44?
11
What is the highest common factor of 612 and 456?
12
What is the highest common factor of 14 and 16?
2
What is the highest common factor of 6 and 642?
6
What is the greatest common divisor of 30 and 15?
15
What is the greatest common divisor of 420 and 9?
3
What is the highest common divisor of 289 and 374?
17
What is the highest common divisor of 2584 and 32?
8
Calculate the greatest common divisor of 126 and 342.
18
What is the greatest common factor of 6032 and 48?
16
What is the greatest common factor of 6916 and 13?
13
Calculate the highest common factor of 18 and 342.
18
What is the greatest common factor of 598 and 92?
46
What is the highest common divisor of 3266 and 46?
46
Calculate the highest common factor of 153400 and 52.
52
Calculate the greatest common divisor of 109 and 1853.
109
Calculate the greatest common factor of 39 and 1781.
13
Calculate the highest common divisor of 16240 and 435.
145
What is the highest common divisor of 53 and 7?
1
Calculate the greatest common factor of 504 and 2583.
63
What is the greatest common factor of 90 and 380?
10
What is the highest common divisor of 109 and 21037?
109
Calculate the greatest common factor of 12351 and 23.
23
Calculate the greatest common divisor of 196 and 28.
28
What is the highest common divisor of 24 and 1164?
12
Calculate the highest common divisor of 506 and 46.
46
Calculate the greatest common divisor of 152 and 19.
19
Calculate the highest common divisor of 913 and 396.
11
Calculate the greatest common divisor of 308 and 88.
44
What is the highest common factor of 20 and 11860?
20
Calculate the greatest common factor of 155 and 2759.
31
What is the highest common divisor of 42476 and 42?
14
Calculate the greatest common factor of 49 and 3962.
7
What is the highest common divisor of 135 and 15?
15
Calculate the highest common factor of 1056 and 56.
8
Calculate the highest common divisor of 8576 and 128.
128
Calculate the greatest common divisor of 2312 and 32.
8
What is the greatest common factor of 282 and 94?
94
What is the greatest common factor of 54 and 54?
54
What is the highest common divisor of 13 and 2093?
13
Calculate the highest common divisor of 24 and 5536.
8
Calculate the greatest common factor of 46 and 207.
23
What is the highest common factor of 486 and 18?
18
Calculate the highest common factor of 15 and 165.
15
Calculate the highest common factor of 65 and 299.
13
Calculate the greatest common divisor of 11 and 143.
11
What is the greatest common divisor of 3220 and 140?
140
What is the greatest common divisor of 312 and 72?
24
Calculate the greatest common factor of 12 and 3252.
12
Calculate the highest common factor of 150 and 30.
30
Calculate the greatest common factor of 7787 and 13.
13
What is the greatest common factor of 20 and 115?
5
What is the highest common divisor of 111 and 1813?
37
What is the greatest common factor of 6 and 338?
2
Calculate the highest common factor of 462 and 42.
42
Calculate the greatest common divisor of 22 and 1507.
11
What is the highest common divisor of 1376 and 258?
86
Calculate the highest common factor of 33534 and 138.
138
What is the highest common factor of 126 and 567?
63
Calculate the highest common factor of 597 and 17711.
199
What is the greatest common factor of 12 and 44?
4
What is the greatest common factor of 50 and 75?
25
What is the greatest common factor of 1001 and 546?
91
Calculate the greatest common factor of 3267 and 36.
9
What is the greatest common divisor of 37 and 2923?
37
Calculate the highest common factor of 30 and 3195.
15
What is the highest common factor of 918 and 204?
102
What is the highest common divisor of 10 and 270?
10
What is the highest common divisor of 1778 and 42?
14
What is the highest common divisor of 32 and 32?
32
What is the greatest common factor of 495 and 638?
11
What is the greatest common divisor of 234 and 4?
2
What is the highest common factor of 5733 and 117?
117
Calculate the greatest common divisor of 12 and 66564.
12
What is the greatest common factor of 1393 and 3980?
199
Calculate the greatest common factor of 61 and 10553.
61
Calculate the greatest common factor of 31 and 7223.
31
What is the highest common divisor of 665 and 105?
35
Calculate the highest common divisor of 62090 and 70.
70
What is the greatest common divisor of 189 and 28?
7
Calculate the highest common divisor of 525 and 336.
21
Calculate the greatest common factor of 155 and 2449.
31
Calculate the greatest common factor of 108 and 30132.
108
What is the highest common factor of 6 and 33?
3
What is the highest common divisor of 104 and 130?
26
Calculate the greatest common divisor of 216 and 1032.
24
What is the highest common factor of 689 and 106?
53
Calculate the highest common factor of 664 and 249.
83
Calculate the greatest common factor of 1426 and 682.
62
Calculate the highest common factor of 5742 and 22.
22
Calculate the highest common factor of 54 and 486.
54
What is the greatest common factor of 8 and 58?
2
What is the highest common divisor of 4 and 18?
2
What is the highest common factor of 123 and 9?
3
What is the highest common divisor of 3 and 24?
3
Calculate the greatest common divisor of 30728 and 46.
46
What is the greatest common divisor of 24 and 6?
6
What is the highest common divisor of 6 and 426?
6
What is the highest common divisor of 4 and 32?
4
What is the greatest common factor of 1798 and 682?
62
Calculate the highest common divisor of 30 and 705.
15
What is the highest common divisor of 85 and 17?
17
What is the highest common factor of 44 and 143?
11
Calculate the greatest common divisor of 96 and 1992.
24
What is the greatest common factor of 1 and 127?
1
Calculate the highest common divisor of 591 and 3.
3
Calculate the highest common divisor of 172 and 10148.
172
What is the greatest common divisor of 968 and 2376?
88
What is the greatest common divisor of 54 and 9666?
54
What is the greatest common divisor of 1566 and 116?
58
Calculate the highest common factor of 99 and 451.
11
Calculate the highest common divisor of 45 and 495.
45
What is the highest common divisor of 224 and 84?
28
What is the greatest common factor of 3560 and 20?
20
What is the greatest common factor of 14 and 10017?
7
What is the highest common divisor of 13 and 4511?
13
Calculate the highest common divisor of 2022 and 30.
6
Calculate the greatest common divisor of 6 and 9018.
6
Calculate the highest common factor of 32 and 16.
16
What is the greatest common divisor of 14 and 91?
7
Calculate the greatest common divisor of 527 and 17.
17
Calculate the highest common divisor of 4914 and 1274.
182
Calculate the greatest common divisor of 23 and 16.
1
What is the highest common factor of 319 and 121?
11
Calculate the highest common factor of 270 and 10.
10
What is the highest common factor of 364 and 260?
52
What is the greatest common factor of 215 and 15265?
215
Calculate the highest common factor of 72 and 324.
36
What is the highest common divisor of 24 and 10524?
12
What is the greatest common divisor of 69 and 138?
69
Calculate the highest common divisor of 1467 and 9.
9
Calculate the highest common factor of 48 and 27756.
12
What is the highest common divisor of 162 and 918?
54
What is the greatest common divisor of 1917 and 27?
27
What is the highest common divisor of 345 and 195?
15
What is the highest common factor of 2055 and 45?
15
What is the greatest common divisor of 16123 and 23?
23
Calculate the greatest common factor of 104 and 24.
8
What is the greatest common divisor of 16220 and 20?
20
Calculate the greatest common factor of 4210 and 30.
10
Calculate the highest common divisor of 147 and 196.
49
What is the highest com